e factors of -4*5585*((-6)/1 - (-352)/64).
2, 5, 1117
Let b(t) = 2*t**2 + 2*t. Let v be b(-1). Suppose 5*l = -v*l + 275. List the prime factors of l.
5, 11
Let w = 324 - 797. Let c = w - -724. List the prime factors of c.
251
Let v = 97 + -157. Let a be v/(-30)*(-5)/(-2). List the prime factors of (-17)/3 + a + 32/3.
2, 5
Let c = -560 - -91. Suppose 0 = 19*q + 7*q + 7904. Let g = q - c. List the prime factors of g.
3, 5, 11
Suppose 3*f = -8*l + 3*l + 1812, 0 = -3*l + 9. Suppose b + f = 4*k - 737, 2*k - b - 666 = 0. List the prime factors of k.
5, 67
Let u be -24 + -1255 - (1 - 1). List the prime factors of u/(-3) - 34/102.
2, 3, 71
Suppose 0 = 4*d + 4, 4*o + 49 = -d. Let b = 16 + o. Let c(j) = 22*j - 2. What are the prime factors of c(b)?
2, 43
Suppose 0 = 8*b + 2 - 74. Let m(i) = 2*i**3 - 18*i**2 + 2*i + 35. What are the prime factors of m(b)?
53
Suppose 0 = 204*o - 18*o - 752370. List the prime factors of o.
5, 809
List the prime factors of ((-12)/(-5))/((-309)/(-135445)).
2, 263
Let f = 81 - -14. Let a = f + 275. List the prime factors of a.
2, 5, 37
Let h = -36 - -42. Let k(t) = -t**2 + 6*t + 4. Let a be k(h). What are the prime factors of -1 - (-3 + a/2) - -58?
2, 29
Suppose 13*v - 3*v - 7460 = 0. Suppose -v - 367 = -3*y. What are the prime factors of y?
7, 53
What are the prime factors of (-5 + (9 - (-31)/2))/(1/860)?
2, 3, 5, 13, 43
Suppose -388*f + 353*f + 656810 = 0. What are the prime factors of f?
2, 11, 853
Let n = 7713 - -2173. What are the prime factors of n?
2, 4943
Let l be 512*((-4)/30 - 47/(-15)). Suppose -2*j = -2*v - l, 0 = -2*j - v + 585 + 957. What are the prime factors of j?
2, 5, 7, 11
Let g(b) = -39*b**3 - 39*b**2 - 22*b + 4. What are the prime factors of g(-7)?
2, 1453
Let q(f) = -9*f. Let p be q(-1). Suppose p*c + 2 = 56. Suppose -c*h + 182 = h. List the prime factors of h.
2, 13
Suppose -9*d - 8 = -26. Let o(m) = 3 + 13*m**d - 3 + 37*m - 43*m. What are the prime factors of o(2)?
2, 5
Let z = -1 + 4. Let a(m) = 2*m**3 + 12*m**2 + m + 10. Let r be a(-6). Suppose 3*d = r*p - 762, 0*p - 3*d - 570 = -z*p. What are the prime factors of p?
2, 3
Let w be 10/3*(-3)/(-2). Let l(i) = 2*i**2 - 37*i + 4. Let x(g) = -2*g**2 + 57*g - 7. Let o(h) = 8*l(h) + 5*x(h). List the prime factors of o(w).
2, 23
Suppose o + d = 5*o + 13941, -5*o - d = 17415. List the prime factors of 2*(2 - 1)*o/(-8).
13, 67
List the prime factors of (32 - 26) + -5 - (0 + -30683).
2, 3, 2557
Suppose 13*p + 14 = 79. Suppose p*a - 5*k - 595 = 0, -3*k - 234 = -2*a - 2*k. What are the prime factors of a?
5, 23
Suppose 15*b = -11*b + 109702 + 13044. List the prime factors of b.
4721
Let m(l) = l**3 - 5*l**2 - 12*l + 13. Let c be m(7). Suppose 0 = 4*t - 83 + c. What are the prime factors of 4/t - (-3288)/56?
59
Let v = 3445 + 306. What are the prime factors of v?
11, 31
Let z = 82 + -78. Suppose 4*f - 24 = z*y - 96, -5*f = 3*y + 90. Let r(g) = -12*g - 27. What are the prime factors of r(f)?
3, 7
Let d(a) = -a**2 - 36*a + 122. Let f be d(-39). Suppose 3*p + f*x - 352 = 0, 2*p - 244 = -4*x + 3*x. List the prime factors of p.
2, 31
Suppose -17*s + 1793 = -162. Let d be (0 + 2)*(-183)/6. Let p = d + s. What are the prime factors of p?
2, 3
Suppose 5*m - 185 = -0. List the prime factors of m + -17 - -1*2.
2, 11
Suppose 0 = 199*f - 201*f + 10148. What are the prime factors of f?
2, 43, 59
Let r(m) = 12*m - 4. Let q be r(3). Suppose 7*f = 2*t + 4*f - 18, -4*f = 4*t - 56. Suppose 11*z - t*z + q = 0. What are the prime factors of z?
2
Let o be -2 + (27 - (2 + -4)). Suppose 2*u + 38 = -i - o, -u = -4*i + 37. Let b = 38 - u. What are the prime factors of b?
71
Let b = 19470 + -7713. What are the prime factors of b?
3, 3919
Suppose 0 = 2*k - 0*j - 2*j - 14, k - 5*j = 27. Suppose -5*o = k*o - 7. List the prime factors of (-3)/1 + (4 - -47)*o.
2, 3
Suppose -31 = i + 94. Let x = i - -107. List the prime factors of (18/x)/(2/(-108)).
2, 3
Let d = -1013 + 291. Let n = d - -910. What are the prime factors of n?
2, 47
Let a(l) = -10*l - 1 - 12 - 5 + 3*l**3 - 11*l**2 - 4*l**3. Let q be a(-10). Let r = q + 35. List the prime factors of r.
17
Let r = -98 - -103. Let d(m) = -m**2 + 9*m - 14. Let x be d(r). Suppose -x*y + 1309 - 265 = 0. What are the prime factors of y?
2, 3, 29
Let c be (2/3)/(32/37488). Suppose -13 + c = 6*t. List the prime factors of t.
2
Let x(f) = 525*f + 9. Let i be x(9). Suppose 21*z + i = 15843. What are the prime factors of z?
23
Let p be (-12)/(-6) - (2 + 0). Let m(j) = -23*j**2 - 3*j + p*j + 136 + 51*j**2 - 27*j**2. List the prime factors of m(0).
2, 17
Let k = 279 + 3740. List the prime factors of k.
4019
Suppose -3*l = -2*l + 2, -2*v - 2*l = -10486. List the prime factors of v.
5, 1049
Suppose -5*l - j = -1233, 10*l = 12*l - 3*j - 483. Suppose -40*h = -38*h - l. List the prime factors of h.
3, 41
Suppose -4*q + 35148 = 2*b, 34369 = -3*b + 3*q + 87136. What are the prime factors of b?
2, 7, 157
Let m(b) = -b**3 + 32*b**2 + 3*b + 310. List the prime factors of m(22).
2, 163
Let m be -3 + -1140 - (5 + -12). Let j = 155 - m. List the prime factors of j.
1291
Let r = 236 - 232. Suppose -2*m + 455 = -d, -5*m + r*m = d - 220. List the prime factors of m.
3, 5
Let m(o) = -o - 13. Let d be m(0). Let z(x) = 2*x**3 + 28*x**2 - 56. List the prime factors of z(d).
2, 3, 47
Let v(a) = 2*a - 1. Let g be v(6). Let s = -8 + g. Suppose -5*b - 5*m = -300, -m = -3*b + s*m + 201. What are the prime factors of b?
3, 7
Let y = -3479 + 28598. List the prime factors of y.
3, 2791
Let y(p) = 2*p**3 + 4*p**2 - 9*p + 7. Let r be y(-7). Let q = r - -629. List the prime factors of q.
11, 19
Let m = -78 - -78. Suppose 7*w - 12*w + 100 = m. Let p = w - 7. What are the prime factors of p?
13
Let o = 148 - 142. Suppose 0 = -o*m + 24*m - 8172. List the prime factors of m.
2, 227
Let y be ((-11)/(132/41670))/((-3)/20). What are the prime factors of -2 + 0 - y/(-50)?
461
Suppose 4*m = -4*s + 24, s - 2*s = 3*m - 14. Suppose 0 = -s*o, 0 = -3*k - k + 5*o + 100. Suppose 3*c - 140 - k = 0. What are the prime factors of c?
5, 11
Suppose -3*r + r + 4*f + 20 = 0, -4*f = 20. Suppose r = -4*z + 329 + 439. Let l = z + -128. What are the prime factors of l?
2
Suppose 110*r + 288582 = 1209282. List the prime factors of r.
2, 3, 5, 31
Suppose 337*k + 2*y + 133027 = 340*k, 2*y + 88684 = 2*k. What are the prime factors of k?
3, 13, 379
Let x = -10943 + 24353. List the prime factors of x.
2, 3, 5, 149
Let y(l) = -11 - 11 + 2*l - 1 - l. Let r be y(-6). What are the prime factors of r/(-5) - 6 - (-932)/10?
3, 31
Suppose 46*o - 72 = 10*o. Suppose 4*f - 480 = -2*t, -3*t + 230 = -o*t - 3*f. List the prime factors of t.
2, 59
What are the prime factors of (2659/6)/(833/(-210) + 4)?
5, 2659
List the prime factors of (-1553)/(8*(-22)/8448).
2, 3, 1553
Let m(p) = -2*p**2 + 49. Let b(g) = g**2 - g. Let c(z) = 5*b(z) - m(z). What are the prime factors of c(-6)?
233
Suppose 33718 = 2*b - 3*n, -15*b + n + 33726 = -13*b. What are the prime factors of b?
5, 3373
Let w(b) = -4*b**2 + 231*b - 132. What are the prime factors of w(50)?
2, 709
What are the prime factors of 1792 - (6 + 52/(-13))?
2, 5, 179
Suppose 2*u - 3*j - 2865 = 0, 5*j = -2*u - 0*j + 2857. Let n = 2267 - u. What are the prime factors of n?
2, 11, 19
Let y = 8 - -3. Suppose 0*l + 6 = u - 3*l, -3*u + 2*l + y = 0. Let z(b) = 28*b + 2. List the prime factors of z(u).
2, 43
Suppose -t + 53*j + 104 = 58*j, -3*j = -t + 96. Suppose -4*b = -r - t, -2*b - 4*r + 150 = 3*b. What are the prime factors of b?
2, 13
Let y = 19153 - -10164. List the prime factors of y.
19, 1543
Let u(q) be the third derivative of 7*q**5/30 + q**4/24 - 13*q**3/3 - 2*q**2 + 169. What are the prime factors of u(9)?
1117
Let z(u) = u**3 - 3*u**2 - 8*u + 3. Let x = 79 - 73. Let n be z(x). Suppose -n*d = -62*d - 99. List the prime factors of d.
3, 11
Let l(w) = -70*w**3 + 2*w**2 + 23*w - 35. What are the prime factors of l(-7)?
2, 7, 61
Let h(c) be the second derivative of 16*c**2 + 0 + 3*c + 1/3*c**3. List the prime factors of h(23).
2, 3, 13
Suppose -o = -5*t + 14, 5*t - 17 - 2 = -4*o. Suppose 2*n + 16 = t*l + l, 5*l + 5*n = 5. What are the prime factors of l*(-1)/(-9)*6?
2
Suppose -3*q - 2*m = -59 + 18, 0 = 3*q - 3*m - 51. Let z be q + 2/4*20/(-10). Let f(o) = o**2 - 4*o - 21. List the prime 